r = 0, -a*r = 3*b - b. Determine l(b).
-4
Suppose -4*v = 5*k + 15, -8*k + 12*k - 9 = v. Let r(g) = 6*g - 1 - 3*g + 17*g. Determine r(k).
19
Let v(w) = -w**3 + 8*w**2 + 20*w + 3. Let m(z) = 45*z - 215. Let c be m(5). What is v(c)?
3
Let x(l) be the first derivative of -7*l**2 - l - 82. What is x(-1)?
13
Suppose 0*g + 147 = 5*g - 4*d, 2*d - 97 = -3*g. Let o = g + -34. Let n be o/2*(0 + 2). Let u(y) = 2*y**2 + 1. What is u(n)?
19
Let p(w) = w**3 - w**2 - w. Let h be 2 + (11 - 5 - 6). Determine p(h).
2
Let u(w) = -2*w + 10. Let v(l) = -6*l + 8. Let q be v(0). Calculate u(q).
-6
Let g = -4 + 5. Let h(t) = 8*t**2 - t**2 + t - t**2 - 11*t**2 - 8*t**3. Let r(j) = -j**3 - j**2. Let q(n) = g*h(n) - 6*r(n). What is q(-1)?
2
Let v = -1 + 5. Let q(l) = 3*l**3 + 6*l**2 + 5*l - 7. Let i(y) = 4*y**3 + 7*y**2 + 6*y - 8. Let j(u) = v*i(u) - 5*q(u). Determine j(3).
9
Let m(w) = -416*w**2 + 865*w**2 - 3 - 438*w**2. Give m(-2).
41
Let i(w) be the first derivative of 5*w**3/3 + w + 3. Let d(p) = p**2 + 5*p + 5. Let x be d(-4). Give i(x).
6
Let c(s) = 2*s + 31 + 31 - 6*s + 26 - 90. Give c(-1).
2
Let a = -22 - -7. Let c be 111/a + 8/20. Let s be c/(-2) - 1/(-2). Let d(j) = j - 8. What is d(s)?
-4
Let j(i) = -14*i**2 + 7*i. Let y(q) = 19*q**2 - 7*q. Let c(t) = 4*j(t) + 3*y(t). Suppose 0 = -2*f - 3*f - 5, 4*s - 2*f = -22. What is c(s)?
-6
Let b(y) be the first derivative of y**4/4 + 2*y**3 + 5*y**2/2 + y + 9. Give b(-4).
13
Let t(u) = 5*u - 9. Let b(s) = s - 6. Let v(w) = -6*b(w) + 2*t(w). What is v(-6)?
-6
Suppose 0 = -2*p + 3*n + 24, n + n - 48 = -4*p. Let f(z) = z**2 - 11*z - 17. Calculate f(p).
-5
Suppose 6*y = 3*y. Suppose y = 3*q - 3 - 6. Let b(u) = q*u**2 + 4*u**2 + 6 - 6*u**2 + 7*u. Determine b(-6).
0
Let r(u) be the first derivative of u**4/4 - 7*u**3/3 + 3*u**2/2 + 8*u - 277. Give r(6).
-10
Let n(g) = -g + 6. Let b be (4/3)/(2/(-63)). Let a be (6/(-7))/(9/b). Give n(a).
2
Let g(f) be the second derivative of f**4/12 + 4*f**3/3 - 7*f**2 - f - 4. Calculate g(-10).
6
Suppose -39*m = -18*m + 126. Let j(b) = b**2 + 6*b - 8. Determine j(m).
-8
Let d(u) be the first derivative of u**2 - 1/24*u**4 - 4 + 0*u + 0*u**3. Let x(m) be the second derivative of d(m). Give x(-6).
6
Suppose 0 = -w + 3, 5*w + 20 = 4*n + w. Suppose 2*l - n = -2. Suppose 0 = 8*u - l*u. Let x(i) = i**2 + i - 9. What is x(u)?
-9
Let w = -35 + 49. Let h(r) = -w*r**2 + 2*r + 22*r**2 - 3*r. Calculate h(-1).
9
Let r(o) = -229*o**3 + 0*o - 2*o**2 + 70*o**3 + 78*o**3 + 79*o**3 + o. Give r(1).
-3
Let n(r) = -3*r + 8. Let s be (-26)/(-12) - (-235)/282. Calculate n(s).
-1
Let m(b) = -b**3 - b**2 - 5. Let w be m(0). Let z be 6/6*(-10)/(-2). Let l(k) = -33 + 3*k + 27 - z*k. What is l(w)?
4
Let a be (-27)/(-15) + (-1)/(-5). Let r(l) be the third derivative of l**5/60 + l**4/24 - l**3/6 - 45*l**2 - 2. Calculate r(a).
5
Let v(g) = 4*g - 1. Let a = 26 - 24. Suppose -a*b + 5*y = -2, 2*y = 5*b - 0*y + 16. Calculate v(b).
-17
Suppose 63*j - 65*j = 4*l + 26, 4*l = 2*j + 2. Let q(p) = -4*p**2 + 10*p - 9. Let f(c) = 5*c**2 - 11*c + 10. Let t(b) = 5*f(b) + 6*q(b). Calculate t(j).
10
Let y = -4 + 8. Suppose g - 25 = -y*g. Let x(f) = 3*f**3 - 2*f**3 - 4*f + g*f**2 + 7*f + 4 - f**2. What is x(-3)?
4
Suppose -34 = -0*z - 2*z - 3*f, -4*z = 5*f - 70. Suppose -16*r + z = -12*r. Let n(b) = 2*b - 4. Determine n(r).
6
Let l(g) = g**3 + 2*g**2 + 3*g - 3. Let h(f) = -6*f - 207. Let y be h(-34). Give l(y).
-21
Let s = 590 - 592. Let j(h) = -3*h**2 - 4*h - h**2 - h**2 - 2. What is j(s)?
-14
Let n(t) = t**2 - 7*t - 1. Let z be n(6). Let k(a) = a**3 + 7*a**2 + 3*a + 25. Let i be k(z). Let m(b) = -b**3 + 4*b**2 - 3*b + 6. Calculate m(i).
-6
Let x(k) = -k**3 + 5*k**2 + k + 1. Suppose -3*v + 3*a = -120, 3*v = -4*a + 48 + 72. Suppose 0 = -5*h + v. Let l be 57/11 - h/44. Calculate x(l).
6
Let q(y) = y**3 + 6*y**2 + 4*y - 5. Let z be q(-2). Let w(i) = i**2 - 4*i - 4. Determine w(z).
-7
Suppose 0*s + w + 101 = 3*s, -5*s - 4*w = -174. Let t(j) = s*j - 13*j - 14*j. What is t(-1)?
-7
Let k(l) = 4*l - 1. Let f(m) = m**2 + 5*m + 4. Let w be f(-5). Let s = w - 1. Suppose -s*x + 0 - 3 = 0. Determine k(x).
-5
Let q be (16 - 13)*2/6. Let h(l) = -3*l - 67*l**3 + 68*l**3 - 5*l**2 + q - 2*l - l**2. Give h(7).
15
Let i(x) = -x**3 + 5*x**2 - 2*x - 2. Let p = 146 + -146. Suppose -2*o + 9*o - 28 = p. Determine i(o).
6
Let t(f) be the first derivative of -f**4/4 - f**2 + 27*f - 428. What is t(0)?
27
Let m(u) be the second derivative of -u**5/20 - 3*u**4/4 - 4*u**3/3 + 7*u**2/2 - 284*u. Calculate m(-8).
7
Let n(p) be the third derivative of 1/120*p**5 - 3*p**2 + 0*p - 1/6*p**4 + 0 + 2/3*p**3. Let i(d) be the first derivative of n(d). Calculate i(4).
0
Let a(b) = -3*b**2 + 23*b + 18. Let j(r) = r**3 + 8*r**2 + 15*r + 13. Let o be j(-6). Let u(c) = -c**2 + 11*c + 9. Let f(t) = o*u(t) + 2*a(t). Calculate f(-8).
-1
Let l(h) = -4*h - 5*h**2 - 59 + 23 - 5*h**3 + 3*h**3 + 35. What is l(-3)?
20
Let j be 4/(-6) + (-539)/33. Let c(u) = -u - 21. Give c(j).
-4
Let v(p) = -3*p + 17. Let h be v(-10). Let s(j) = 24*j**2 - h*j**2 + 24*j**2. What is s(-2)?
4
Let p(g) be the second derivative of g**3/6 + 6*g**2 + 15*g. Let f be 3/((72/(-33))/8). Calculate p(f).
1
Suppose 15*g = 8*g - 161. Let u be 2/(-3 + 267/87). Let s = g + u. Let l(p) = -p**2 + 8*p - 5. What is l(s)?
7
Let h(c) be the third derivative of -c**4/12 + c**3/3 - c**2 - 17*c. Determine h(-2).
6
Let c(r) = -r**3 - r**2 + 2*r + 9. Let f be c(0). Let v(z) = z - 10. Give v(f).
-1
Let a(j) = -j**3 - 5*j**2 - 2*j + 2. Let r = 11 + 31. Let s = r - 45. Determine a(s).
-10
Suppose b - 5 + 3 = 0. Let v(j) be the third derivative of 0 - 1/20*j**5 - 8*j**2 + 1/12*j**4 + 0*j + 1/6*j**3. Determine v(b).
-7
Let n(x) be the third derivative of x**5/60 + x**4/4 + x**3 + 2*x**2. Let p = -163 - -159. Determine n(p).
-2
Let a be ((-720)/(-210))/(0 + (-2)/(-7)). Let l(f) = f**3 - 11*f**2 - 12*f + 6. Calculate l(a).
6
Suppose -2*o + 4*q - q = -15, -4*o = 4*q. Let w(l) = 2 + l**o + 0*l**3 - 5*l - 4*l**2 - 2*l. Determine w(5).
-8
Let h(b) = -6*b**2 + 8*b. Let g(u) = -u**2 + 1. Let j(w) = 5*g(w) - h(w). Let p(o) be the first derivative of j(o). Calculate p(6).
4
Let n(h) = -h - 4. Let t = 16 - -7. Suppose o + 5*s + 10 = -t, 36 = -2*o - 4*s. Calculate n(o).
4
Let p(x) = x**3 + 3*x**2 - 4*x + 2. Let m(i) = 4*i + 7*i - 22 - 6*i + i. Let k be m(4). Determine p(k).
14
Let n(y) = 15*y**3 - 11*y**2 - 13*y + 29. Let x(k) = -7*k**3 + 5*k**2 + 6*k - 14. Let s(c) = 6*n(c) + 13*x(c). Let t = 2 + -2. Give s(t).
-8
Suppose 0 = 10*g - 4*g - 24. Let h(a) = 4*a - 2 + 1 + 8 - a**2 - 2. Determine h(g).
5
Let r(c) be the third derivative of -c**5/60 - 7*c**4/24 + c**3/6 + 342*c**2. Give r(-6).
7
Suppose 30 = -34*f + 36*f. Suppose f*j - 2*j = -39. Let m(d) = -d - 1. What is m(j)?
2
Let c be ((-1)/(-2))/(1/6). Let v(u) = -u - 2*u**c + 4*u + 6 - 8 + 2*u**2. What is v(2)?
-4
Suppose -2*g = g + 24. Let s = 3 + g. Let d(b) be the third derivative of b**4/8 + b**3 + 54*b**2. Calculate d(s).
-9
Let l(a) be the third derivative of -a**5/60 + 7*a**4/24 - 2*a**3/3 - a**2. Let g = 20 - 15. Suppose 0 = -3*s - 2*h + g, -4*h = -3*s - 14 + 49. Determine l(s).
6
Let i(b) be the third derivative of b**4/6 - 65*b**3/6 - 86*b**2. What is i(15)?
-5
Let h be (-20 + 0 + 2)*-1. Suppose -5 = -c, -2*y + c - h = -3*c. Let v(w) be the third derivative of w**4/8 + w**3/6 + 5*w**2. Give v(y).
4
Let i(c) = 9*c - 10 - 2*c - c - 8*c. What is i(-8)?
6
Suppose 0 = -4*k + 70 + 18. Let x = k + -19. Let v(i) = -4 + i**2 - x*i + 0*i**2 + i**2 + 6. Give v(3).
11
Let o(f) = 5 - 2*f + 3 - 4. Let r be o(2). Let v(z) = z**3 + z**2 - 3. Calculate v(r).
-3
Let r = -2419 + 2422. Let z(w) = -14*w - 1. Calculate z(r).
-43
Let s = 468 + -467. Let g(b) = 13*b**2 + b. Give g(s).
14
Let i(u) = -2*u. Let w(s) = -s**3 - 8*s**2 - 11*s + 8. Let q be w(-6). Let f(r) = -r - 6. Let j be f(-3). Let g = q + j. What is i(g)?
2
Let l(h) = -h**2 - 7*h + 3. Suppose -5*o + 4*i = 69, -4*o + 4*i - 78 + 26 = 0. Suppose -w - 2 + 3 = 0. Let q be (w*-1)/(o/(-119)). Calculate l(q).
3
Let q(k) = 12 + 0*k - 14 - 3*k. Let a(d) = -1. Let o(p) = -4*a(p) - q(p). Determine o(-5).
-9
Let w(p) be the first derivative of p**3/3 - 3*p**2 - 4*p + 3. Suppose -7*a - 8 = -4*j - 3*a, -2*j - 5*a = -25. Calculate w(j).
-9
Suppose -70 = 22*p - 